{"id":17,"date":"2024-03-28T14:24:26","date_gmt":"2024-03-28T14:24:26","guid":{"rendered":"https:\/\/canhealyourself.com\/website_0fe50126\/?page_id=17"},"modified":"2026-02-26T07:26:06","modified_gmt":"2026-02-26T07:26:06","slug":"home","status":"publish","type":"page","link":"https:\/\/canhealyourself.com\/website_0fe50126\/","title":{"rendered":"You Can Heal Yourself with Homeopathy"},"content":{"rendered":"\n<p class=\"has-white-color has-light-gray-background-color has-text-color has-background has-link-color has-large-font-size wp-elements-85e04555276f84a85ea4ee2b9923d888\" id=\"tw-target-text\"><a href=\"https:\/\/canhealyourself.com\/website_0fe50126\/puedes-curarte-a-ti-mismo\/\" data-type=\"page\" data-id=\"380\">Haga clic aqu\u00ed para ver las p\u00e1ginas en espa\u00f1ol<\/a><\/p>\n\n\n\n<div class=\"wp-block-columns alignwide has-contrast-2-background-color has-background is-layout-flex wp-container-core-columns-is-layout-9d6595d7 wp-block-columns-is-layout-flex\">\n<div class=\"wp-block-column has-accent-background-color has-background is-layout-flow wp-block-column-is-layout-flow\">\n<h1 class=\"nfd-text-giga nfd-text-current md:nfd-no-br wp-block-heading has-text-align-center has-x-large-font-size\">Professional Homeopath<\/h1>\n\n\n\n<p class=\"nfd-text-sm nfd-text-secondary has-text-align-center has-text-color has-link-color wp-elements-a99bd7715e801565d59b1f0209215d41\" style=\"color:#ffffff;font-style:normal;font-weight:600;letter-spacing:0.05em;text-transform:uppercase\">ROGER BARR<\/p>\n\n\n\n<p class=\"\">I work with you (and your doctor) to help you take control of your healthcare \u2013 Let\u2019s remove the aspects of your life that may be maintaining your illness or are obstacles to your healing process.<\/p>\n\n\n\n<p class=\"\">On another level, homeopathic remedies are not like conventional drugs \u2013 although they are regulated under the Homeopathic Pharmacopia of the US (HPUS) by the FDA. Their action is extremely short-lived and gentle. They stimulate your body\u2019s innate ability to heal itself, without side effects.<\/p>\n<\/div>\n<\/div>\n\n\n<div class=\"wp-block-image\">\n<figure class=\"alignleft size-large is-resized\"><img loading=\"lazy\" decoding=\"async\" width=\"768\" height=\"1024\" src=\"https:\/\/canhealyourself.com\/website_0fe50126\/wp-content\/uploads\/2024\/03\/2F3419A7-6184-4FD3-923D-B1BC0FBC3C0C-scaled-1-768x1024.jpeg\" alt=\"\" class=\"wp-image-37\" style=\"width:395px;height:auto\" srcset=\"https:\/\/canhealyourself.com\/website_0fe50126\/wp-content\/uploads\/2024\/03\/2F3419A7-6184-4FD3-923D-B1BC0FBC3C0C-scaled-1-768x1024.jpeg 768w, https:\/\/canhealyourself.com\/website_0fe50126\/wp-content\/uploads\/2024\/03\/2F3419A7-6184-4FD3-923D-B1BC0FBC3C0C-scaled-1-225x300.jpeg 225w, https:\/\/canhealyourself.com\/website_0fe50126\/wp-content\/uploads\/2024\/03\/2F3419A7-6184-4FD3-923D-B1BC0FBC3C0C-scaled-1-1152x1536.jpeg 1152w, https:\/\/canhealyourself.com\/website_0fe50126\/wp-content\/uploads\/2024\/03\/2F3419A7-6184-4FD3-923D-B1BC0FBC3C0C-scaled-1-1536x2048.jpeg 1536w, https:\/\/canhealyourself.com\/website_0fe50126\/wp-content\/uploads\/2024\/03\/2F3419A7-6184-4FD3-923D-B1BC0FBC3C0C-scaled-1.jpeg 1920w\" sizes=\"auto, (max-width: 768px) 100vw, 768px\" \/><\/figure>\n<\/div>\n\n\n<p class=\"\">Homeopathy cures a greater percentage of cases than any other method of treatment. Homeopathy is the latest and refined method of treating patients economically and non-violently.<\/p>\n\n\n\n<p class=\"\">&#8211;  <strong>Mahatma Gandhi<\/strong><\/p>\n\n\n\n<p class=\"\">I can&#8217;t manage without homeopathy. In fact, I never go anywhere without homeopathic remedies. I often make use of them.<\/p>\n\n\n\n<p class=\"\">&#8211; <strong>Paul McCartney<\/strong><\/p>\n\n\n\n<p class=\"\">The introduction of homeopathy forced the old school doctor to stir around and learn something of a rational nature about his business. You may honestly feel grateful that homeopathy survived the attempts of allopaths to destroy it<\/p>\n\n\n\n<p class=\"\">&#8211; <strong>Mark Twain<\/strong><\/p>\n\n\n\n<p class=\"\"><\/p>\n\n\n\n<p class=\"\"><\/p>\n\n\n\n<div class=\"wp-block-group is-nowrap is-layout-flex wp-container-core-group-is-layout-ad2f72ca wp-block-group-is-layout-flex\">\n<p class=\"has-x-large-font-size\"><a href=\"https:\/\/canhealyourself.com\/website_0fe50126\/directory-you-can-heal-yourself\/\" data-type=\"page\" data-id=\"111\">Directory<\/a><\/p>\n\n\n\n<figure class=\"is-style-default wp-block-image size-large is-resized\"><img loading=\"lazy\" decoding=\"async\" width=\"1024\" height=\"695\" src=\"https:\/\/canhealyourself.com\/website_0fe50126\/wp-content\/uploads\/2024\/03\/RBarrHomeopatic_med-1024x695.jpg\" alt=\"\" class=\"wp-image-61\" style=\"width:320px;height:auto\" srcset=\"https:\/\/canhealyourself.com\/website_0fe50126\/wp-content\/uploads\/2024\/03\/RBarrHomeopatic_med-1024x695.jpg 1024w, https:\/\/canhealyourself.com\/website_0fe50126\/wp-content\/uploads\/2024\/03\/RBarrHomeopatic_med-300x204.jpg 300w, https:\/\/canhealyourself.com\/website_0fe50126\/wp-content\/uploads\/2024\/03\/RBarrHomeopatic_med-768x521.jpg 768w, https:\/\/canhealyourself.com\/website_0fe50126\/wp-content\/uploads\/2024\/03\/RBarrHomeopatic_med.jpg 1440w\" sizes=\"auto, (max-width: 1024px) 100vw, 1024px\" \/><\/figure>\n<\/div>\n\n\n\n<p class=\"\"><\/p>\n\n\n\n<p class=\"\"><a href=\"https:\/\/canhealyourself.com\/website_0fe50126\/how-medicines-work-both-homeopathic-conventional\/\">How Medicines Work, both Homeopathic &amp; Conventional<\/a><\/p>\n\n\n\n<p class=\"\"><a href=\"https:\/\/canhealyourself.com\/website_0fe50126\/how-medicines-work-both-homeopathic-conventional-outline\/\">How Medicines Work, both Homeopathic &amp; Conventional &#8211; Outline<\/a><\/p>\n\n\n\n<p class=\"\"><\/p>\n","protected":false},"excerpt":{"rendered":"<p>Haga clic aqu\u00ed para ver las p\u00e1ginas en espa\u00f1ol Professional Homeopath ROGER BARR I work with you (and your doctor) to help you take control of your healthcare \u2013 Let\u2019s remove the aspects of your life that may be maintaining&#8230; <a class=\"more-link\" href=\"https:\/\/canhealyourself.com\/website_0fe50126\/\">Continue Reading &rarr;<\/a><\/p>\n","protected":false},"author":2,"featured_media":0,"parent":0,"menu_order":1,"comment_status":"closed","ping_status":"closed","template":"","meta":{"nf_dc_page":"","footnotes":""},"class_list":["post-17","page","type-page","status-publish","hentry"],"_links":{"self":[{"href":"https:\/\/canhealyourself.com\/website_0fe50126\/wp-json\/wp\/v2\/pages\/17","targetHints":{"allow":["GET"]}}],"collection":[{"href":"https:\/\/canhealyourself.com\/website_0fe50126\/wp-json\/wp\/v2\/pages"}],"about":[{"href":"https:\/\/canhealyourself.com\/website_0fe50126\/wp-json\/wp\/v2\/types\/page"}],"author":[{"embeddable":true,"href":"https:\/\/canhealyourself.com\/website_0fe50126\/wp-json\/wp\/v2\/users\/2"}],"replies":[{"embeddable":true,"href":"https:\/\/canhealyourself.com\/website_0fe50126\/wp-json\/wp\/v2\/comments?post=17"}],"version-history":[{"count":16,"href":"https:\/\/canhealyourself.com\/website_0fe50126\/wp-json\/wp\/v2\/pages\/17\/revisions"}],"predecessor-version":[{"id":389,"href":"https:\/\/canhealyourself.com\/website_0fe50126\/wp-json\/wp\/v2\/pages\/17\/revisions\/389"}],"wp:attachment":[{"href":"https:\/\/canhealyourself.com\/website_0fe50126\/wp-json\/wp\/v2\/media?parent=17"}],"curies":[{"name":"wp","href":"https:\/\/api.w.org\/{rel}","templated":true}]}}