{"id":135,"date":"2024-06-25T09:14:01","date_gmt":"2024-06-25T09:14:01","guid":{"rendered":"https:\/\/canhealyourself.com\/website_0fe50126\/?page_id=135"},"modified":"2026-02-28T01:08:35","modified_gmt":"2026-02-28T01:08:35","slug":"orientacion-para-nuevos-pacientes","status":"publish","type":"page","link":"https:\/\/canhealyourself.com\/website_0fe50126\/orientacion-para-nuevos-pacientes\/","title":{"rendered":"Orientaci\u00f3n para Nuevos Pacientes"},"content":{"rendered":"\n<p class=\"\"><a href=\"https:\/\/canhealyourself.com\/website_0fe50126\/new-client-orientation\/\">In English<\/a><\/p>\n\n\n\n<p class=\"\">La homeopat\u00eda es muy diferente de la medicina convencional, incluso funciona de un modo opuesta en muchas maneras.<\/p>\n\n\n\n<p class=\"\"><strong>Incluso la definici\u00f3n de&nbsp;\u2018enfermedad\u2019&nbsp;es diferente.<\/strong><\/p>\n\n\n\n<p class=\"\">La medicina convencional identifica la enfermedad usando uno o un peque\u00f1o n\u00famero de s\u00edntomas, Por ejemplo, el no poder dormir lo identifican como insomnia, y el nivel alto de az\u00facar en la sangre lo identifican como diabetes.<\/p>\n\n\n\n<p class=\"\">Despu\u00e9s dan una medicina o tratamiento y si \u00e9ste quita esos pocos s\u00edntomas los m\u00e9dicos consideran que el tratamiento fue exitoso, independientemente de los efectos secundarios o cualquier s\u00edntoma restante que consideren no relacionado.<\/p>\n\n\n\n<p class=\"\">En homeopat\u00eda consideramos TODOS los s\u00edntomas (mentales, f\u00edsicos y emocionales) que se experimentan en cierto momento para identificar la enfermedad.<\/p>\n\n\n\n<p class=\"\">As\u00ed que, con el remedio correcto uno debe ver c\u00f3mo todos los s\u00edntomas mejoran en cierto tiempo y sin efectos secundarios.<\/p>\n\n\n\n<p class=\"\">Como&nbsp;<strong>home\u00f3pata cl\u00e1sico<\/strong>, yo debo averiguar con profundidad acerca de todos los aspectos; mentales, f\u00edsicos y emocionales para encontrar el remedo \u00fanico que va a ser compatible en todos aspectos.<\/p>\n\n\n\n<p class=\"\">La primera entrevista dura entre hora y media y dos horas en la cual se cubren todas las \u00e1reas relevantes \u2013mentales, f\u00edsicas y emocionales.<\/p>\n\n\n\n<p class=\"\"><strong>La homeopat\u00eda es una medicina energ\u00e9tica, no qu\u00edmica, o herbal, Etc.<\/strong><\/p>\n\n\n\n<p class=\"\">Los remedios est\u00e1n extremadamente diluidos y no son t\u00f3xicos, por lo que se les acusa de ser placebos.&nbsp;<\/p>\n\n\n\n<p class=\"\">Pero hay muchas maneras en las que difieren de los placebos.<\/p>\n\n\n\n<p class=\"\">Una es que el remedio puede causar una breve agravaci\u00f3n o empeoramiento de los s\u00edntomas existentes al inicio del tratamiento.&nbsp;<\/p>\n\n\n\n<p class=\"\">Ning\u00fan placebo hace esto.<\/p>\n\n\n\n<p class=\"\">Como paciente debes estar preparado para una posible peque\u00f1a agravaci\u00f3n al principio \u2013generalmente corta- quiz\u00e1s de s\u00f3lo unos d\u00edas.<\/p>\n\n\n\n<p class=\"\">Puede leer sobre otras diferencias&nbsp;<a href=\"https:\/\/canhealyourself.com\/website_0fe50126\/7-razones-por-las-que-la-homeopatia-no-es-placebo\/\" target=\"_blank\" rel=\"noreferrer noopener\">entre la homeopat\u00eda y el placebo aqu\u00ed.<\/a><\/p>\n\n\n\n<p class=\"\"><strong>Toda curaci\u00f3n verdadera por cualquier tratamiento procede de acuerdo con la Ley de Hering<\/strong>&nbsp;(en realidad es una regla general, ya que todos son \u00fanicos).<\/p>\n\n\n\n<p class=\"\">Siguiendo esta ley, la homeopat\u00eda cura el interior de la persona (mente, emociones y \u00f3rganos cr\u00edticos) inicialmente antes de que la curaci\u00f3n se extienda al exterior, como la piel o los \u00f3rganos menos cr\u00edticos del cuerpo.<\/p>\n\n\n\n<p class=\"\"><strong>As\u00ed que, al principio voy a buscar mejoras en al menos alguno de los siguientes S\u00edntomas Generales de Salud:<\/strong>\u00a0<br>1. Sue\u00f1o y Energ\u00eda <br>2. Sensaci\u00f3n de Bienestar <br>3. Calma <br>4. Claridad de la Mente <br>5. Adaptabilidad a tu ambiente (F\u00edsico, Mental y Emocional)<\/p>\n\n\n\n<p class=\"\"><strong>La Ley de Hering tambi\u00e9n establece que las condiciones generalmente sanan en el orden inverso en que ocurrieron; las m\u00e1s recientes curan primero y las m\u00e1s antiguas despu\u00e9s.<\/strong><\/p>\n\n\n\n<p class=\"\">Entonces, por ejemplo, si su principal preocupaci\u00f3n es una afecci\u00f3n de la piel o alguna afecci\u00f3n de su juventud, es posible que su cuerpo no sane eso hasta que se alivie una afecci\u00f3n emocional grave que inici\u00f3 m\u00e1s recientemente. S\u00e9 paciente.<\/p>\n\n\n\n<p class=\"\">Esto significa es que las condiciones usualmente sanan en orden inverso a como ocurrieron; lo m\u00e1s reciente sana al principio, y los s\u00edntomas m\u00e1s antiguos sanan despu\u00e9s.<\/p>\n\n\n\n<p class=\"\"><strong>Como TODAS las ciencias m\u00e9dicas, la pr\u00e1ctica de homeopat\u00eda es un arte y una ciencia. Si se toma el remedio correcto, se curar\u00e1 profundamente, pero encontrar ese remedio es un arte.<\/strong><\/p>\n\n\n\n<p class=\"\">Para la mayor\u00eda de los clientes, encontrar el remedio adecuado no es problem\u00e1tico.<\/p>\n\n\n\n<p class=\"\">Pero para algunos con un historial de salud complicado, podr\u00eda tomar varios intentos encontrar el remedio correcto, y cada remedio demorar\u00e1 un par de semanas en verificarse.<\/p>\n\n\n\n<p class=\"\">Tambi\u00e9n los clientes con historias complicadas pueden requerir una serie de remedios diferentes para regresar a un estado relativamente saludable.<\/p>\n\n\n\n<p class=\"\">Yo estar\u00e9 en contacto constante contigo durante los periodos de prueba de cada remedio.<\/p>\n\n\n\n<p class=\"\">Quiero trabajar con aquellos clientes que est\u00e9n dispuestos a trabajar pacientemente a trav\u00e9s de los ensayos para encontrar el remedio adecuado.<\/p>\n\n\n\n<p class=\"\"><strong>Uno de los aspectos hermosos de la homeopat\u00eda es que no hay toxicidad.<\/strong><\/p>\n\n\n\n<p class=\"\">Y cualquier s\u00edntoma inusual que pudiera ocurrir por un remedio incorrecto va a dirigirme hacia el remedio correcto.<\/p>\n\n\n\n<p class=\"\">As\u00ed que es importante mantener un diario sobre tu salud, registrando cualquier cambio significativo en tu salud \u2013mental, f\u00edsica o emocional.<\/p>\n\n\n\n<p class=\"\"><strong>Como medicina energ\u00e9tica, la fuerte energ\u00eda de otros tratamientos energ\u00e9ticos, la exposici\u00f3n a los campos electromagn\u00e9ticos y otras cosas como las hierbas, los olores fuertes y&nbsp;especialmente el alcanfor y el caf\u00e9, pueden interferir con el tratamiento homeop\u00e1tico.<\/strong><\/p>\n\n\n\n<p class=\"\">Al igual que cualquier buen proceso, desea mantener los cambios en su r\u00e9gimen diario y las interferencias al m\u00ednimo, para asegurarse de que el remedio est\u00e9 funcionando, antes de agregar estas cosas nuevamente a su r\u00e9gimen.<\/p>\n\n\n\n<p class=\"\">Una vez que ya est\u00e1s tomando el remedio correcto, sin nada que interfiera, debes ver mejoras r\u00e1pidamente en los Signos Generales de Salud, seguidos por mejoras en los otros s\u00edntomas que te conciernen.<\/p>\n\n\n\n<p class=\"\">Despu\u00e9s del primer seguimiento completo del remedio elegido, si estoy convencido de su eficacia y no ser\u00e1 necesario un contacto tan cercano.<\/p>\n\n\n\n<p class=\"\"><strong>T\u00fa podr\u00e1s estar llevando el tratamiento homeop\u00e1tico por ti mismo, checando conmigo brevemente una vez al mes o cada vez que sea necesario cuando alguna condici\u00f3n aguda surja o suceda alg\u00fan cambio notable en tu salud.<\/strong><\/p>\n\n\n\n<p class=\"\"><strong>NOTA: Es importante que me notifique de inmediato sobre cualquier cambio significativo en su salud para que podamos analizar c\u00f3mo manejarlo sin interferir en el proceso de curaci\u00f3n. El empeoramiento temporal de los s\u00edntomas puede ser el preludio de una curaci\u00f3n significativa.<\/strong><\/p>\n\n\n\n<p class=\"\">Si todo lo anterior es adecuado para usted, lea&nbsp;<a href=\"https:\/\/canhealyourself.com\/website_0fe50126\/como-trabajo\/\">mi p\u00e1gina C\u00f3mo Trabajo<\/a>&nbsp;para que entienda el proceso.<\/p>\n\n\n\n<p class=\"\">Salud!<\/p>\n","protected":false},"excerpt":{"rendered":"<p>In English La homeopat\u00eda es muy diferente de la medicina convencional, incluso funciona de un modo opuesta en muchas maneras. Incluso la definici\u00f3n de&nbsp;\u2018enfermedad\u2019&nbsp;es diferente. La medicina convencional identifica la enfermedad usando uno o un peque\u00f1o n\u00famero de s\u00edntomas, Por&#8230; <a class=\"more-link\" href=\"https:\/\/canhealyourself.com\/website_0fe50126\/orientacion-para-nuevos-pacientes\/\">Continue Reading &rarr;<\/a><\/p>\n","protected":false},"author":2,"featured_media":0,"parent":0,"menu_order":0,"comment_status":"closed","ping_status":"closed","template":"","meta":{"nf_dc_page":"","footnotes":""},"class_list":["post-135","page","type-page","status-publish","hentry"],"_links":{"self":[{"href":"https:\/\/canhealyourself.com\/website_0fe50126\/wp-json\/wp\/v2\/pages\/135","targetHints":{"allow":["GET"]}}],"collection":[{"href":"https:\/\/canhealyourself.com\/website_0fe50126\/wp-json\/wp\/v2\/pages"}],"about":[{"href":"https:\/\/canhealyourself.com\/website_0fe50126\/wp-json\/wp\/v2\/types\/page"}],"author":[{"embeddable":true,"href":"https:\/\/canhealyourself.com\/website_0fe50126\/wp-json\/wp\/v2\/users\/2"}],"replies":[{"embeddable":true,"href":"https:\/\/canhealyourself.com\/website_0fe50126\/wp-json\/wp\/v2\/comments?post=135"}],"version-history":[{"count":4,"href":"https:\/\/canhealyourself.com\/website_0fe50126\/wp-json\/wp\/v2\/pages\/135\/revisions"}],"predecessor-version":[{"id":598,"href":"https:\/\/canhealyourself.com\/website_0fe50126\/wp-json\/wp\/v2\/pages\/135\/revisions\/598"}],"wp:attachment":[{"href":"https:\/\/canhealyourself.com\/website_0fe50126\/wp-json\/wp\/v2\/media?parent=135"}],"curies":[{"name":"wp","href":"https:\/\/api.w.org\/{rel}","templated":true}]}}